t n = -17 + 24. Give u(n).
6
Let l(y) = 2*y**2 - y + 1. Let z(v) = -v**3 - 14*v**2 - 23*v + 14. Let c be z(-12). Calculate l(c).
7
Let n(g) = 3*g - 1. Suppose 0 = 5*u - 3*t + 30, 2*t = -2*u - 0*t + 4. Give n(u).
-10
Let s(f) = 2*f**2 - 4*f - 3. Suppose q - 3*t = -0*q + 10, 5*q - 30 = 5*t. Let j be 48/8*q/6. Determine s(j).
13
Let m(d) = d - 2. Let i be m(-9). Let c = -5 - i. Let w be 3/(-2) - 3/c. Let z(k) = -3*k - 3. What is z(w)?
3
Let y(h) = -3 + h**3 + 0*h - 3*h**2 + 5*h**2 + h - 8*h**2. Give y(6).
3
Let r(k) be the third derivative of -7/24*k**4 + 0*k + 0 + 1/60*k**5 + 2/3*k**3 + 2*k**2. Determine r(6).
-2
Let q(y) be the first derivative of -4 + 1/2*y**2 + 6*y. What is q(-6)?
0
Suppose 20 = p + 4*p. Suppose -6 + 18 = p*y. Let c(z) = z - y*z - 5 + 3*z. Calculate c(3).
-2
Let b(o) be the second derivative of -1/12*o**4 + 0 - 4*o**2 - 3/2*o**3 + o. Give b(-6).
10
Let o(v) be the second derivative of -v**3/6 + v**2 - 3*v. What is o(-5)?
7
Suppose 0*a = 4*a. Suppose 0 = -j + 4*d - 0*d + 22, a = 3*j + 5*d + 19. Let q(f) = -4 + f**j - 1 + 5*f - 2*f**2. Give q(5).
-5
Let m = 320 - 321. Let i(c) = 9*c**2 + 4*c + 4. Let f(q) = 9*q**2 + 3*q + 3. Let n(z) = 5*f(z) - 4*i(z). Calculate n(m).
9
Let f(d) = 13*d + 5. Let a(k) = 7*k + 3. Let m(w) = 5*a(w) - 3*f(w). What is m(-2)?
8
Let v(g) = -g - 7. Let p = 7 + -7. Suppose p = l + 1 + 4. Calculate v(l).
-2
Let c(k) be the third derivative of -1/8*k**4 + 0*k + 1/40*k**5 - 1/720*k**6 + 0 + 0*k**3 + 3*k**2. Let q(h) be the second derivative of c(h). Calculate q(6).
-3
Let i = 11 + -5. Let j(z) = 0*z - z**3 + 2*z**2 - 8 + 3*z**2 + 6*z. Calculate j(i).
-8
Let a = -13 - -18. Let q(v) = -v + 6. Calculate q(a).
1
Suppose 7*b - 36 = -2*b. Let h(s) = 2*s + 1 - 2 + 4*s**2 - 4 - s**3. Calculate h(b).
3
Let k(l) = 1 + 3 - l**2 + 2*l**2 + 3*l. Suppose -5*z + s + 25 = 2*s, -5*z = -4*s - 25. Suppose -3*p = -4*h - 8, 3*h - 4*p = z*h + 26. Give k(h).
14
Let k(a) = 4*a - 2. Let b be 32/176 + (-48)/22. What is k(b)?
-10
Let n(m) = -4*m - 6. Let s be n(-3). Suppose -q - q = -s. Let x(k) = -k + 5. Give x(q).
2
Let y(u) = -4*u + 6*u + 3*u**2 - 3*u + u**3 + 3 + 0*u. Determine y(-4).
-9
Let y(t) = -t - 2*t**2 - t + 8*t**2 - 3 - t**3. Calculate y(5).
12
Let x(i) = -3 - i**2 + 4 - 4 + 0*i + 7*i. Let h = 4 - -1. Give x(h).
7
Let y(r) = 5*r - 3. Let h(v) = -4*v + 22. Let a be h(5). Determine y(a).
7
Let z(y) be the second derivative of -y**3/6 + 2*y**2 - y. Let t(o) = -3*o**3 + 2*o**2 + o. Let a be t(-1). What is z(a)?
0
Let m(z) be the third derivative of -5*z**4/24 - z**3/3 + 12*z**2. Calculate m(3).
-17
Let n(s) = 2 - 3 - 4*s + 2*s. Let u be (-1)/(1 - 6/7). Let k(b) = b**3 + 8*b**2 + 7*b + 2. Let z be k(u). Give n(z).
-5
Let q(k) = k**3 + 7*k**2 + 5*k - 3. Suppose 3*j - 3*c - 3 = -5*c, -5*j - c = -12. Suppose -j*b - 6 = -2*b. Determine q(b).
3
Let g(t) = t**3 - t + 1. Let z = 36 + -24. Let n = -3 - -7. Suppose -b + 3 = 2*y + y, -z = -n*b. Give g(y).
1
Let m be (1 - 0 - 3)*-3. Let w(n) = n**2 - 3*n + 1. Let h be w(3). Let v(f) = -h - 2*f**3 + f**3 + m*f**2 - 2*f - f. Calculate v(5).
9
Let u(a) = -4*a + 15. Let r(c) = -2*c + 8. Let j(w) = 5*r(w) - 3*u(w). What is j(6)?
7
Let k(z) be the second derivative of 3*z - 1/3*z**3 + 0 - z**2. Give k(-2).
2
Let t(u) = u**3 - 6*u**2 + 3*u + 7. Let q(c) = c + 13. Let n be q(-11). Let a(i) = -1 + 3*i**2 + i**2 + n*i**2. Let s be a(1). Determine t(s).
-3
Let k(z) = z**2 + z. Let y = 14 - 7. Let c = -2 - -5. Suppose y = -c*s - 2. Calculate k(s).
6
Let z(q) be the second derivative of q**3/6 + 7*q**2/2 - 6*q. Calculate z(-9).
-2
Let v be (2 - 1)*(-1 + 8). Suppose v = -3*k - 2. Let h be (k + 5)/(2*-1). Let f(p) = 8*p**3. Give f(h).
-8
Let u(g) = -7*g + 6*g + 2*g**3 - 3*g**3 + g**2 + 7. What is u(0)?
7
Let j = 18 - 16. Let s(r) = r + j*r - 2*r + 8. What is s(-6)?
2
Let l = 2 - 2. Suppose r + r - 2 = l. Let x(y) be the second derivative of y**5/20 - y**4/6 + 3*y. Give x(r).
-1
Suppose 11*i - 7*i - 12 = 0. Let t(p) = -p**2 + 5*p - 2. Calculate t(i).
4
Let m be 7/(21/(-6)) + 2. Let i be 5 - 5 - (m + -2). Let t(x) = -x**3 + 2*x**2. What is t(i)?
0
Let f(l) = -2*l**2 - 15*l - 19. Let p(r) = r**2 + 7*r + 9. Let v(k) = 6*f(k) + 13*p(k). What is v(-3)?
9
Let o be 6/(-18)*(-18)/1. Let l(r) = -6*r - 15. Let m(b) = b + 3. Let t(u) = -2*l(u) - 11*m(u). Give t(o).
3
Let b(a) = -a**3 - 10. Let z(w) = -w**2 - 7*w - 8. Let o be z(-6). Let t(c) = -c**3 - 2*c**2 - 2*c - 4. Let k be t(o). What is b(k)?
-10
Suppose 3*m = -0*m - 33. Let p = m - -7. Let w(r) = r**3 + 3 + 4*r**3 - 6*r**3 + 3*r - 3*r**2. Calculate w(p).
7
Let d(s) = s**3 + s**2 + 3. Suppose 4*x + 2*g = 2, 0 = 2*x - 4*g + 4. What is d(x)?
3
Let j(x) be the second derivative of x**7/2520 - x**6/120 - x**5/15 - 2*x**4/3 - 5*x. Let s(t) be the third derivative of j(t). Calculate s(6).
-8
Let o(u) = -2*u - 4. Let q(a) = -a**3 + 12*a**2 - 11*a - 5. Let r be q(11). Calculate o(r).
6
Let k(p) = 6*p - 1. Let s = -28 - -27. What is k(s)?
-7
Let h(b) = -b**2 - 11*b - 8. Suppose 5*z = -433 + 383. Give h(z).
2
Let k be 4*((-10)/(-4) - 2). Suppose -4*d = d - 15. Let a(m) = d*m + 26 - 26. Give a(k).
6
Let k(a) be the first derivative of -a**3/3 - 2*a**2 - 4*a + 1. Suppose n + 18 = 3*n. Suppose -4*h + 3*j = 4 + 17, h + 4*j = n. What is k(h)?
-1
Suppose n - 3 + 6 = 0. Let d(g) = -2*g**3 - 3*g**2 + 4*g + 1. What is d(n)?
16
Let a(i) be the second derivative of -7*i**4/12 + i**3/6 + i**2/2 + i. Suppose 0 = -5*t + 3 - 8. Give a(t).
-7
Let k be -2 + 2 - (-2 - 0). Let d(a) = 17*a - 4. Let o(w) = -4*w + 1. Let v = -9 - -18. Let b(p) = v*o(p) + 2*d(p). Calculate b(k).
-3
Let c(p) = -5*p**3 - 5*p**2 + 4*p + 1. Let g(t) = t**3 + t**2 - t. Let n(f) = -c(f) - 6*g(f). Calculate n(1).
-1
Let j(l) = 2*l**2 + 8*l - 6. Let z be j(-6). Suppose -5*d + 2*d = -z. Suppose 4*a = a + d. Let b(q) = 4*q + 1. Determine b(a).
9
Let z(x) = 0*x**2 + 2 - 597*x - x**3 - 2*x**2 + 0*x**3 + 600*x. What is z(-2)?
-4
Let r(b) = -2*b - 6. Suppose 2*k + 26 = 4*l, k = -3*k - 5*l. Determine r(k).
4
Let w be (0 + -2)*22/(-4). Let v(b) = -5*b**2 - 3 + 2*b**3 - 2 + 7*b**3 + 5*b. Let d(a) = -17*a**3 + 9*a**2 - 9*a + 9. Let h(f) = w*v(f) + 6*d(f). What is h(1)?
-4
Let q(r) be the third derivative of -r**5/20 + r**4/24 - r**3/6 - r**2 - 5. What is q(1)?
-3
Let u(k) = -k**2 + 5*k - 3. Let d be u(3). Suppose 0 = -p - d + 7. Let o(l) = -l**3 + 4*l**2 + l + 2. Give o(p).
6
Suppose 5*y = -4*u - 17, -y - 5*u = -0*u + 16. Let c(x) be the second derivative of -3*x**5/10 + x**4/12 - x**2/2 + 3*x. Determine c(y).
6
Let v(n) = -2*n - 9. Suppose 35 = -17*m + 12*m. Let s be v(m). Let r(w) = -w**2 + 5*w + 1. Give r(s).
1
Let w(q) = -3 - 1 + 3 - 2*q. Let i(f) = f**3 - 6*f**2 + 4*f - 2. Let g be i(5). Let d = g - -8. Calculate w(d).
-3
Let g(x) = 2*x**2 + 2 - 2*x - 3 - 14*x**2. Let t = 52 + -53. Give g(t).
-11
Let a(c) be the first derivative of 2/3*c**3 - 1/12*c**4 + 0*c + c**2 + 4 - 1/15*c**5 + 1/120*c**6. Let u(r) be the second derivative of a(r). Give u(4).
-4
Let j(q) = -2*q - q**3 - 3 + 7*q**2 - 15*q**2 + 7*q**2. Give j(-2).
5
Let k(y) = -y**3 + 34*y**2 + 0*y**3 - 4 - y + 4*y - 35*y**2. Let p(m) = m**2 + 7*m + 3. Let j be p(-6). Give k(j).
5
Let s(u) = -u**3 + 18*u**2 - 33*u + 13. Let k be s(16). Let b(x) = -5*x**2 + 2*x**2 + 2 - x**3 - 6 - 3*x. What is b(k)?
5
Let y(f) = 2*f**3 - 2*f**2 - 2*f + 3. Let k be (1 - 0)/(2 + -3). Let c = k + 3. Give y(c).
7
Let t(g) = g**3 + 3*g + 2 - 3*g**2 - 1 - 5*g. Let d(x) = -3*x**3 + 9*x**2 + 7*x - 2. Let b(q) = -3*d(q) - 8*t(q). Let c = 4 - 0. What is b(c)?
-6
Suppose 0 = 3*l - 5*l + 8. Suppose -4*u + y - l*y + 18 = 0, -7 = -5*u + 4*y. Let r(t) = 0*t**3 - 5*t**2 + 3*t + t**u - t. Calculate r(4).
-8
Let c = -13 - -12. Let n(k) be the first derivative of -k**7/140 - k**5/120 - k**4/24 + k**3/3 - 1. Let w(r) be the third derivative of n(r). What is w(c)?
6
Let v(z) = -z**3 - 7*z**2 - 6*z - 4. Let k be v(-6). Let c(x) be the second derivative of -x**5/20 - x**4/4 + 2*x**3/3 + 3*x**2 - x. Give c(k).
6
Let b be 1/3 - (-20)/(-6) - -3. Let x(o) = -o**2 - 6. Determine x(b).
-6
Suppose 4*p - 8 + 0 = 0. Suppose 0 = -0*a + 3*a + 4*y - 17, -7 = -5*a + 4*y. Let l(v) = -2*v - 2 + 0*v**a + 4*v - v**3 - p*v**2. Give l(-3).
1
Let j = 18 + -14. Let v(t) = -2 + 128*t**2 - 2 - 129*t**2 + j*t. Let z be 10/4 +